 - 54. What is the hundreds digit of g(s)?
6
Let y(h) = 567*h + 3239. What is the hundreds digit of y(13)?
6
Let i(p) = -5580*p + 642. What is the units digit of i(-2)?
2
Let n = 38 - 34. Suppose -x + 87 = b, 5*b - n*x - 103 - 359 = 0. Suppose 2*a - b = a. What is the units digit of a?
0
Let c = 11736 - 11629. What is the units digit of c?
7
Let x be 30/(-6) + 8 - (-4)/2. Let w(a) = 48*a + 2. Let m be w(x). Let o = m - 113. What is the tens digit of o?
2
Suppose -18*k - 79 + 331 = 0. Let z(o) = -o**2 + 15*o + 38. What is the tens digit of z(k)?
5
Let i(j) = -j**3 + 11*j**2 - 2*j + 16. Let c be i(11). Let l(m) be the first derivative of 2*m**3 - 4*m - 36. What is the tens digit of l(c)?
1
Suppose 12*z + 4*z = -24*z + 888360. What is the hundreds digit of z?
2
Let c(m) = 2*m - 3. Let q be c(3). Let t be (-18)/((-8)/(1760/15)). Suppose -q*l = 6, j + 5*l - t = -j. What is the tens digit of j?
3
Suppose -33*d + 49*d = 84114 - 15250. What is the thousands digit of d?
4
Let z be 1/(3208/1068 - 3). Let d(h) = -2*h + 13. Let g be d(4). Suppose -3*q = -3*c - z, 0*q + g*c = -4*q + 347. What is the tens digit of q?
8
Let h = -1150 - -2738. Suppose 4*j + 5*x - 5051 = 0, x - h = -2*j + 933. What is the thousands digit of j?
1
Let j(o) = 7151*o**2 - 86*o - 159. What is the hundreds digit of j(-2)?
6
Let i = -508 + 10643. What is the ten thousands digit of i?
1
Let f = 57 + 9. Suppose -5*d - 3*v + 106 = -0*v, -3*d = 3*v - f. Suppose 23*o - 195 = d*o. What is the units digit of o?
5
Let n be -2 + -1 + 7/49*0. Let o(h) = 41*h**2 + 22*h - 3. What is the hundreds digit of o(n)?
3
Suppose -45 = s - 45. Suppose s = a - 6*n + 7*n - 350, -a + 351 = 2*n. What is the units digit of a?
9
Let p = -25 + 48. Let z(f) = 12 - p - 16 + 4*f - 23. What is the units digit of z(23)?
2
Let w = 9 - 20. Let c be (7 - 9/(5 - 2)) + -64. Let q = w - c. What is the units digit of q?
9
Let d(b) be the third derivative of b**5/3 - 3*b**4/8 + b**3/6 - 3*b**2 + 4. What is the hundreds digit of d(5)?
4
Suppose -2*i = 3*z - 40523, z + 2*i = 209 + 13296. What is the units digit of z?
9
Let h be (-1)/(-12)*3 + 52248/(-96). What is the hundreds digit of (117/(-26))/((-1082)/h + -2)?
4
Suppose -2*r + 5*v = v + 30, 9 = -2*r - 3*v. Let g be (30/4*1)/(r/(-456)). What is the units digit of (g/(-6))/(50/15 - 4)?
5
Let m(h) = h**2 + 17*h - 59. Let q be m(-19). Let b(a) = a**3 + 20*a**2 - 28*a - 3. Let c be b(q). Suppose 5*f - 7*f = -c. What is the tens digit of f?
7
Suppose -2*w - 141 = 5*u, -15 = 6*w - w. Let f = u - -30. Suppose -4*y - 2 = -f*a + 60, 5*a - y = 126. What is the units digit of a?
6
Suppose 2*m + 3888 = 14*m. Suppose 7*q - 61 = m. What is the tens digit of q?
5
Suppose -n = -3, 5*y = -2*n - 8 + 29. Suppose 4*d - 572 = -4*w, -3*d - 417 = -y*w - 0*w. What is the hundreds digit of w?
1
Let y(u) = 25*u**2 - 15*u - 71. What is the thousands digit of y(-14)?
5
Suppose -3*s + 8*s + 20 = 0. What is the units digit of (-489)/s - ((-62)/8 + 8)?
2
Let o(l) be the first derivative of 33*l**2/2 + 6*l - 41. Suppose -7 = -2*v - 3. What is the units digit of o(v)?
2
Let d = -12537 - -39439. What is the units digit of d?
2
Let q(w) = 41*w**2 + 8*w - 4. Suppose 20 = 5*x - 10*x, -3*i = -5*x - 29. What is the units digit of q(i)?
9
Suppose -4 = -14*t + 16*t. Let j(q) = -7*q - 7. Let u be j(t). Suppose -u*y = -88 - 59. What is the units digit of y?
1
Suppose 3*r = -60*r + 2*r + 1580754. What is the hundreds digit of r?
9
Suppose g - 8*g - 105 = 0. Let i be g + 17 - (1 - -411). Let h = -276 - i. What is the hundreds digit of h?
1
Let h = -261 - -888. Suppose 0 = 11*o - 209 - h. What is the units digit of o?
6
Suppose -3*m - 7*m = -3*m. Let s be (m - 1)*0*(-4)/(-12). Suppose -g + s*g = -137. What is the hundreds digit of g?
1
Suppose 33*s = 124568 + 121744. What is the units digit of s?
4
Let k = 213 - -167. Suppose -2*t - j + 845 = 0, -t - j = -k - 45. What is the tens digit of t?
2
Let n(b) = -586*b**2 + b + 3. Let r(x) = -586*x**2 + x + 3. Let m(v) = 6*n(v) - 7*r(v). What is the hundreds digit of m(-1)?
5
Suppose 4182 = 5*q - 2328. Let a = -912 + q. What is the hundreds digit of a?
3
Suppose 5*c - 47 = 38*d - 41*d, 4*d = 4*c + 84. Suppose d*f = -11*f + 30930. What is the hundreds digit of f?
0
Let k = -2930 - -3949. What is the tens digit of k?
1
Let l(u) = -u**2 + 52*u - 9. Let b be l(52). What is the thousands digit of -7 - 110*(b + -4)?
1
Suppose -6*u = -35 + 5. Let t be (12/20)/(1/u). What is the units digit of (-10)/(-4*t/6)?
5
Suppose 25476 = 4*m + 4*w, 0 = 4*m - 2*w + 2159 - 27671. What is the units digit of m?
5
Let c(z) = 234*z + 663. Let x(n) = 29*n + 83. Let a(q) = -4*c(q) + 33*x(q). What is the tens digit of a(10)?
9
What is the tens digit of (-2 - 0) + ((-68)/4 - -12 - -36916)?
0
Suppose 2*f + f = -4*g - 481, -g = 4*f + 663. Let t = f - -244. What is the tens digit of t?
7
Let g = 4357 + -3027. Suppose -2*p - 8*p = -g. Let h = -94 + p. What is the units digit of h?
9
Suppose 0 = 3*u - 2*u + 7. Let q(n) be the second derivative of n**4/12 - 4*n**2 - 2*n + 24. What is the units digit of q(u)?
1
Let q = 28545 + -10255. What is the tens digit of q?
9
What is the units digit of -2 + -6 - 11/((-154)/11480)?
2
Let u(w) = -w**2 - 4*w + 4. Let p be u(-4). Let f = p - -196. Let t = f + -6. What is the tens digit of t?
9
Suppose 74*d = 78*d - 92. Suppose d*l + 187 = 24*l. What is the units digit of l?
7
Let f(h) = -18*h**3 + 19*h**2 - 28*h - 125. What is the hundreds digit of f(-6)?
6
Suppose 51*a - 46*a - 2*s - 22547 = 0, 3*a - s = 13529. What is the hundreds digit of a?
5
Suppose 6*v - 44652 = 7*v - 5*v. What is the hundreds digit of v?
1
Suppose -801713 + 246494 = -147*f. What is the tens digit of f?
7
Let i(z) = 48*z**3 - 5*z**2 + 47*z - 177. What is the hundreds digit of i(5)?
9
Let o(z) = z**2 + 8*z + 14. Let t be (0 + 1 - 5) + (-2 - 0). Let h be o(t). Suppose -3*x = h*x - 500. What is the tens digit of x?
0
Suppose 2*d = 2*h + 18310, 275*h - 280*h = -5. What is the units digit of d?
6
What is the thousands digit of ((-919)/(-1))/(-7 - -6*(-742)/(-630))?
3
Let o be (3 - 3) + 158/(-2)*-7. Let t = -287 + o. Let n = t - 156. What is the units digit of n?
0
Let c(q) = 10*q**2 + 22*q - 1. Let z(r) = -12*r**2 - 23*r + 2. Let a(m) = 4*c(m) + 3*z(m). What is the tens digit of a(-7)?
6
Suppose -3*j + 3*i + 30 = 0, i = -j + 1 + 3. Suppose -5*p = -4*d + 211, 0 = j*d - 5*d + p - 109. What is the units digit of d?
4
Let j(r) = r**3 - 20*r**2 + 21*r. Let n be j(17). Let q be (-12)/(-24) - n/4. Suppose 0 = -b - 3*b + q. What is the units digit of b?
2
Let z = 112 - 108. Let x = 5 - z. What is the tens digit of ((-4)/4)/(x/(-132))?
3
Let s = 42590 - 27713. What is the ten thousands digit of s?
1
Suppose 97*w = 94*w + 18, -l - 5*w + 2838 = 0. What is the thousands digit of l?
2
Let v = -76 + 69. Let q be (-5 + v)*(-5)/(-4). Let n = q - -21. What is the units digit of n?
6
Let c = 5612 + -2387. Suppose -25*z = -20*z - c. What is the tens digit of z?
4
Let q(l) be the second derivative of -l**5/20 - 5*l**4/12 + 11*l**3/3 + 13*l**2/2 - 48*l. What is the tens digit of q(-9)?
3
Suppose 141*z + 39*z - 4463570 = 5564770. What is the ten thousands digit of z?
5
Let n(q) = 265*q**2 - 824*q + 71. What is the units digit of n(16)?
7
Let g(m) = 2*m - 5. Let o(j) = j. Let w(r) = g(r) - o(r). Let k be w(5). What is the units digit of (1 + -5)*(k + -7)?
8
Let o = -12181 - -65325. What is the thousands digit of o?
3
Suppose -22*q = -20*q - 44. Suppose 0 = 16*y - q*y. What is the tens digit of 3 - (3 + y - -2) - -226?
2
Let i be 10*((13 - 8) + (-24)/2). What is the tens digit of (-4*(-7)/i)/((-4)/370)?
3
Let w(p) = -5*p**2 + 38*p + 74. Let y(c) = -7*c**2 + 37*c + 75. Let d(n) = 4*w(n) - 3*y(n). What is the thousands digit of d(20)?
1
Let v(j) = 627*j + 6762. What is the hundreds digit of v(25)?
4
Suppose -2*f - 11*l + 15*l - 12 = 0, -5*l + 37 = 3*f. Suppose -8 = -4*j + 6*j - 3*i, -10 = 2*j - 4*i. What is the tens digit of j*((-748)/8 - (-2)/f)?
9
Let g(v) = -v**2 - 28*v + 33. Let o be g(-29). What is the units digit of 5005/45 + o/(-18)?
1
Suppose 117*y = -3*d + 114*y + 113736, 0 = -3*y - 24. What is the hundreds digit of d?
9
Let y be (-1)/5 - (-417443)/65. What is the tens digit of (y/65)/((-2)/(-5))?
4
Let d = -3092 + 5397.